800 a factor of 73982400?
True
Is 821195200 a multiple of 350?
True
Is 3996 a factor of 312920579?
False
Is 78117727 a multiple of 1369?
False
Is 361 a factor of 72975428?
True
Does 1424 divide 9142961?
False
Does 14 divide 458241980?
True
Does 302 divide 142386842?
False
Is 14946730 a multiple of 38?
True
Does 653 divide 107133351?
False
Is 4445987 a multiple of 15?
False
Does 353 divide 11754547?
True
Does 1493 divide 28262967?
False
Is 520 a factor of 230268104?
False
Does 3 divide 25761186?
True
Does 50 divide 1559915500?
True
Is 31 a factor of 38830673?
False
Is 174 a factor of 189911341?
False
Is 171 a factor of 5312457?
True
Is 600638080 a multiple of 6272?
True
Is 43 a factor of 62863592?
True
Is 79 a factor of 28667274?
False
Does 17 divide 673426958?
False
Does 52 divide 1430858416?
True
Is 37 a factor of 105599258?
True
Does 33 divide 38869314?
True
Is 28 a factor of 5248068?
True
Is 23 a factor of 2649791391?
False
Does 7 divide 1047383176?
True
Is 65845593 a multiple of 7795?
False
Does 15 divide 440727099?
False
Does 2625 divide 81898624?
False
Is 538 a factor of 2767482760?
True
Is 1628 a factor of 129438950?
False
Does 6 divide 22443858?
True
Is 5 a factor of 119021063?
False
Is 4006755 a multiple of 61?
False
Does 476 divide 10829476?
True
Does 1140 divide 81028920?
True
Does 518 divide 78353198?
True
Is 27 a factor of 753389483?
False
Does 123 divide 40752120?
False
Does 3507 divide 444249225?
True
Is 5042851 a multiple of 45?
False
Is 608 a factor of 358633056?
True
Is 109322548 a multiple of 819?
False
Does 545 divide 2341714?
False
Does 138 divide 643652148?
True
Is 402357423 a multiple of 1851?
True
Does 57 divide 32778450?
False
Is 112039689 a multiple of 266?
False
Does 6 divide 251999203?
False
Does 9 divide 2472327?
True
Is 471619534 a multiple of 1336?
False
Is 88 a factor of 75227416?
True
Does 183 divide 908840952?
True
Is 213945362 a multiple of 2?
True
Does 3 divide 12497328?
True
Is 10564669 a multiple of 97?
False
Is 90 a factor of 43726230?
True
Is 4296806 a multiple of 8?
False
Is 53610937 a multiple of 29?
True
Does 768 divide 686441056?
False
Does 1106 divide 277156923?
False
Does 10 divide 122739540?
True
Is 6167731 a multiple of 163?
False
Is 838665203 a multiple of 7?
False
Is 7318752 a multiple of 7?
True
Is 428291820 a multiple of 165?
True
Does 1112 divide 391223?
False
Is 5436 a factor of 1545842135?
False
Does 77 divide 13554541?
True
Does 159 divide 15032337?
True
Is 157028105 a multiple of 13?
True
Does 931 divide 1919722?
True
Does 22 divide 623689093?
False
Is 19031846 a multiple of 281?
False
Does 6410 divide 896095298?
False
Does 2 divide 17129622?
True
Is 185 a factor of 422959548?
False
Does 341 divide 30279129?
False
Is 13 a factor of 43923416?
False
Does 345 divide 62003486?
False
Is 286808978 a multiple of 53?
False
Is 6703224 a multiple of 27?
False
Does 1090 divide 6229350?
True
Is 125 a factor of 110944173?
False
Is 19 a factor of 60002304?
True
Is 929085056 a multiple of 32?
True
Does 9 divide 63440338?
False
Does 2 divide 110446637?
False
Is 315211932 a multiple of 189?
True
Does 145 divide 202382314?
False
Is 1018470384 a multiple of 593?
True
Is 38 a factor of 3436682?
True
Is 29746400 a multiple of 380?
True
Is 2307011 a multiple of 312?
False
Is 61425718 a multiple of 7?
False
Does 57 divide 480964772?
False
Is 4000594 a multiple of 8?
False
Is 1056594391 a multiple of 3728?
False
Is 264 a factor of 12251515?
False
Is 330 a factor of 25299868?
False
Is 4826612 a multiple of 28?
True
Is 39 a factor of 420829902?
False
Does 796 divide 126211497?
False
Is 13011462 a multiple of 27?
True
Is 131424919 a multiple of 19?
True
Is 2299 a factor of 74078378?
True
Does 429 divide 126205517?
False
Does 244 divide 17646953?
False
Is 13585697 a multiple of 85?
False
Is 4046628 a multiple of 4?
True
Is 420531864 a multiple of 1178?
True
Is 19 a factor of 257151507?
False
Does 56 divide 57768920?
False
Is 2601021865 a multiple of 606?
False
Is 241874139 a multiple of 2067?
True
Is 12 a factor of 71088900?
True
Is 21622040 a multiple of 1252?
True
Is 50 a factor of 2570979600?
True
Does 29 divide 194650953?
False
Does 9 divide 80803413?
True
Does 15 divide 36002054?
False
Does 1474 divide 261803036?
True
Is 2514 a factor of 198174851?
False
Is 6525576216 a multiple of 11977?
False
Is 56405475 a multiple of 105?
True
Is 100400863 a multiple of 145?
False
Is 1607 a factor of 355816739?
False
Does 7 divide 851998050?
False
Is 12 a factor of 4173940?
False
Is 273020316 a multiple of 178?
True
Is 1429804698 a multiple of 32?
False
Is 454249942 a multiple of 4?
False
Is 4114 a factor of 453605526?
True
Does 16 divide 59243768?
False
Is 6 a factor of 71847?
False
Is 323900179 a multiple of 696?
False
Does 33 divide 181427103?
True
Is 43938114 a multiple of 33?
True
Does 19 divide 1122152934?
False
Is 6138778 a multiple of 239?
False
Is 1819 a factor of 102299515?
False
Is 107 a factor of 91987472?
True
Is 78521100 a multiple of 695?
True
Is 462 a factor of 205538256?
True
Does 856 divide 95886956?
False
Is 64536116 a multiple of 1004?
True
Does 24 divide 69915685?
False
Is 7 a factor of 9511639?
False
Is 1896728260 a multiple of 1132?
True
Is 36315985 a multiple of 469?
False
Is 59 a factor of 397874701?
True
Is 39 a factor of 4425748509?
True
Is 722832198 a multiple of 9?
False
Is 15 a factor of 80700405?
True
Is 500 a factor of 105617933?
False
Does 47 divide 360857288?
False
Is 357 a factor of 22505245?
False
Does 98 divide 73888566?
False
Does 1935 divide 60497775?
True
Does 18 divide 47296908?
True
Does 24 divide 16417848?
True
Is 120171873 even?
False
Does 1557 divide 1712885283?
True
Does 81 divide 11810286?
True
Is 336646044 a multiple of 2431?
False
Does 24 divide 27373776?
True
Does 1952 divide 1256044902?
False
Is 664 a factor of 66613144?
True
Is 8 a factor of 583485551?
False
Does 64 divide 149885666?
False
Is 337 a factor of 1651991861?
True
Does 53 divide 23922345?
True
Does 64 divide 740986004?
False
Does 241 divide 296155973?
False
Does 87 divide 3086175?
False
Does 430 divide 469931090?
True
Is 27 a factor of 21939741?
True
Is 1863 a factor of 2110095279?
True
Does 7 divide 17002914?
False
Is 469985184 a multiple of 688?
True
Does 1907 divide 38576703?
True
Is 856787832 a multiple of 70?
False
Is 31 a factor of 151082035?
False
Does 6 divide 13424034?
True
Is 2610251 a multiple of 7?
True
Is 120 a factor of 572128560?
True
Is 7116690 a multiple of 10?
True
Is 1940 a factor of 485912210?
False
Does 102 divide 18216872?
False
Is 865 a factor of 4500595?
True
Does 27 divide 79381938?
False
Is 18 a factor of 228594361?
False
Is 6 a factor of 356457234?
True
Does 89 divide 465993854?
True
Is 33 a factor of 37092?
True
Is 181642776 a multiple of 92?
True
Is 73 a factor of 416792?
False
Does 353 divide 183598938?
False
Is 605052351 a multiple of 72?
False
Does 3 divide 3145097?
False
Is 2025 a factor of 23174195?
False
Does 7 divide 77814910?
False
Does 3677 divide 23882115?
True
Is 40449708 a multiple of 684?
True
Does 274 divide 67441949?
False
Is 6982118 a multiple of 380?
False
Does 27 divide 1095587155?
False
Is 7041 a factor of 509212161?
True
Does 232 divide 192392728?
True
Is 822 a factor of 61764282?
False
Is 6 a factor of 7017822?
True
Is 4571034 a multiple of 419?
False
Is 2223 a factor of 79052564?
False
Is 1363570676 a multiple of 23?
False
Is 389586558 a multiple of 4071?
True
Is 54778633 a multiple of 13?
True
Does 245 divide 28501627?
False
Is 16 a factor of 381693674?
False
Is 1043149372 a multiple of 64?
False
Is 3643548446 a multiple of 91?
False
Is 544 a factor of 12102932?
False
Does 104 divide 37340429?
False
Is 39893985 a multiple of 2333?
False
Is 149 a factor of 247280107?
False
Is 146568322 a multiple of 17?
True
Is 1563 a factor of 76172300?
False
Does 353 divide 42973940?
False
Is 2705 a factor of 1539405129?
False
Is 118962257 a multiple of 1622?
False
Is 323076629 a multiple of 349?
True
Is 243592776 a multiple of 1498?
True
Does 190 divide 5752440?
True
Does 37 divide 51391668?
True
Does 158 divide 98642876?
True
Does 11 divide 133368518?
False
Is 41663611 a multiple of 277?
False
Is 448 a factor of 103443200?
True
Is 552 a factor of 760254083?
False
Is 484